x + 16. Suppose -4*d = -11 - 9. Let h = d + r. What is the units digit of h?
2
Let p(y) = y**3 + y**2 - 3*y + 28. Let m be p(0). Suppose 30*b - m*b - 382 = 0. Suppose -o = -4*z + 100 + b, 5*z = -o + 357. What is the tens digit of z?
7
What is the thousands digit of (-6 + 2360/60)*207/6?
1
Let a(p) = -p**3 - p - 25*p + 24*p**2 + 2 + 30*p - 52*p. What is the tens digit of a(20)?
4
Suppose 24*m - 23*m - 1480 = 0. Suppose -332 - m = -12*p. What is the units digit of (-3)/(-2)*p - (-171)/(-114)?
5
Let z = 62 + -60. Let s(q) = 17 + 3*q**3 - 2*q**3 + q + 3*q**2 - 6*q**2 + q**z. What is the units digit of s(5)?
7
Let o = -349 - -353. Suppose -4*r + o*g + 3032 = 0, 5*r - 2*g - 3804 = -4*g. What is the tens digit of r?
6
Let v(a) = -19*a - 519. Let r be v(-30). Let o = 17 - 53. What is the units digit of o/(-10)*1190/r?
4
Let a(m) = -2*m**2 + 23*m + 7761. What is the hundreds digit of a(0)?
7
Let r = 39975 + -16010. What is the hundreds digit of r?
9
Suppose -3*l - 3*p = 0, -l + 4*p = 2*l. Suppose v - 247 = 2*t - 6*t, v - 3 = l. Suppose -5*y = -5*b + 16 - t, 3*b = 5*y - 53. What is the tens digit of y?
1
Suppose -83410*n + 46579 = -83397*n. What is the hundreds digit of n?
5
Let l(b) = b**3 - 2*b**2 + 6*b + 3. Let g be l(3). Suppose g*u + 672 = 26*u. What is the units digit of ((-4)/(16/(-9)))/((-6)/u)?
3
Let s(g) = g**3 - 12*g**2 + g + 17. Let r be s(12). Suppose 1 = 6*c - r. Suppose 0*k = c*k - 945. What is the hundreds digit of k?
1
Let x = -3063 - -3102. What is the units digit of x?
9
Let w(t) be the second derivative of -t**5/10 + t**4/12 - t**3/3 - t - 9. Suppose -p = m - 3, 5*m = -2*p - 2*p + 10. What is the units digit of w(m)?
4
Suppose 81*w = 75*w - 1896. What is the tens digit of 6 + (-2)/(-12)*w*-6?
2
Let a be -5*(-1)/(-5)*5. Let m(l) = 12*l**2 - 43*l - 214. What is the units digit of m(a)?
1
Let u(i) = -14*i**3 - 17*i**2 - 14*i - 11. Let s = -79 - -68. Let g be u(s). What is the hundreds digit of g/144 - 2/18?
1
Let q(s) = -s**3 + 25*s**2 + 36*s - 42. Suppose j - 5*j - 26 = -r, 2*r - 4*j = 52. What is the hundreds digit of q(r)?
2
Let x = 73 - 77. Let b be (-38)/x - (36/(-8))/9. What is the hundreds digit of (15/b + -1)*376?
1
Let g = -455 - -982. Let y = g + -131. What is the hundreds digit of y?
3
Let h(z) = 8*z**2 - 37*z + 12. Let l be h(-13). Suppose -19*v + 14*v = -l. What is the tens digit of v?
6
Suppose -12746 = -41*m + 35388. Suppose -3*c + m + 1613 = 0. What is the tens digit of c?
2
Suppose -61 = 4*q - 109. Suppose h + 4147 = 4*d, -h - q = -13. What is the tens digit of d?
3
Let a(r) = 13*r**3 + 4*r**2 - 3*r - 3. Let b = -1 + 4. Let u be a(b). Suppose -5*v + 0*v + u = 0. What is the units digit of v?
5
Suppose 3*b + 1 = -5*f, 4*b - 4*f + 2 = 5*b. What is the thousands digit of (b - 0)*7/14 + 1984?
1
Let z(r) = 3 + 82 + 66 - 15*r - 29. What is the units digit of z(-39)?
7
Suppose -3 = -l - f, 9*l - 4*l - 6 = 4*f. Suppose -2*b = 8, -7*j + l*j - 2*b = -277. What is the tens digit of j?
5
Suppose -3*u = -9, 0 = 3*h + u - 4537 + 838. What is the hundreds digit of h?
2
What is the thousands digit of 6/(-21) - (19 - 2838790/133)?
1
Let d(x) = -x - 3. Let l be d(-4). Let y = 287 - 101. What is the units digit of l*(-1*y)/(-2)?
3
Let x be 1/((-2)/(-6)) + 161/23. Let l(m) = 76*m - 1. What is the tens digit of l(x)?
5
Let v = -49 - -52. Suppose 4 = -3*k + 4*a, -k - 16 = -v*k - 2*a. Suppose -2*f + 4 = -3*f, -k*r + 392 = f. What is the tens digit of r?
9
Suppose -6*t + 33890 = -8014. What is the units digit of t?
4
Suppose g = 5*u + 9, 2*u - 19 = -5*g + u. What is the hundreds digit of 4*(137 + 20/g) - -4?
5
Let m = 84 - 81. Let r be m/(9/(-42))*(-72)/42. Let l = r + 28. What is the tens digit of l?
5
Suppose 13*o + 33 = 24*o. Suppose -o*w - 190 = -5*g - 8*w, -w - 76 = -2*g. What is the tens digit of g?
3
What is the tens digit of (-5382)/(-20) + 23/(-230)?
6
Let m be 1*9/2*6/(-9). What is the units digit of 2052/24*(-8)/m?
8
Suppose -4*z = 15*z - 8227. What is the units digit of z?
3
Let z be 18/8*208/78. Suppose z*b + 1863 = 8595. What is the thousands digit of b?
1
Let s(t) = 8*t**2 + t - 8. Let p be s(2). Suppose -p = 3*i - 2*y, 5*y + 0 = -4*i - 73. What is the tens digit of ((-867)/i - (-1)/(-4)) + -3?
6
Suppose 0 = -29*w - 4*w + 77268 - 6351. What is the thousands digit of w?
2
Let l = 85577 - 40862. What is the hundreds digit of l?
7
Let u(l) = 2*l**3 - 4*l**2 - 64*l - 52. What is the tens digit of u(27)?
7
Suppose -r - 2*t - 96 + 3856 = 0, r = -3*t + 3766. What is the units digit of r?
8
Let l = 24726 - 10997. What is the hundreds digit of l?
7
Suppose 9377 + 3288 = -9*u + 55424. What is the units digit of u?
1
Suppose 0 = 15*l - 300517 + 29032. Suppose 12*f - l = -195. What is the thousands digit of f?
1
Suppose 28*q - 27*q = -1581. Let t = q - -2669. What is the units digit of t?
8
What is the ten thousands digit of 2*20515 - 65/13?
4
Let n(t) = -152*t - 215. What is the thousands digit of n(-8)?
1
Let h(o) = -o**3 - 4*o**2 + 3*o - 10. Let w be h(-5). Let i be 0 - (w + (-4 - 3)). Let v(r) = -2*r**3 + 16*r**2 - 8*r + 11. What is the tens digit of v(i)?
5
Let w be ((-7)/(-21))/(-1 - 10888/(-10884)). Let n = -138 + w. What is the hundreds digit of n?
7
Let f(q) = -4*q**3 - 6*q**2 - 12*q + 15. Let d(k) = -k**3 - 2*k**2 + k + 1. Let p(c) = 3*d(c) - f(c). What is the tens digit of p(8)?
2
Suppose 2*p = -0*p + 98. Let z(l) = -p - 10*l + 4*l + 7. What is the units digit of z(-12)?
0
Suppose 165*b = 160*b + 261060. What is the ten thousands digit of b?
5
Let x(k) be the third derivative of 35*k**4/24 - 49*k**3/6 + 9*k**2. Let j(b) = -b + 1. Let z(t) = -42*j(t) - x(t). What is the tens digit of z(10)?
7
Suppose -5*r - s = -2*r - 4481, 5*r + 4*s - 7480 = 0. Suppose -664 = -x - 5*n, -n - r = 4*x - 4186. What is the tens digit of x?
7
Let f(z) = 5*z**2 + 25*z + 194. Let b be f(23). Suppose 0 = -355*x + 349*x + b. What is the tens digit of x?
6
Let l = 8 - 4. Let f(w) = -2*w**2 + 9*w - 26. Let r(n) = n**2 - 6*n + 18. Let b(g) = -5*f(g) - 8*r(g). What is the units digit of b(l)?
0
Suppose 21 = 5*x + 4*d, -5*d + 32 = 5*x + 7. What is the tens digit of -34*((-27)/6 + x)?
1
Let n = 871 - -437. Let i = n + -816. What is the units digit of i?
2
Let x(v) = -2*v**3 - 30*v**2 + 25*v + 36. Suppose -11*g - 81 = -6*g + r, -34 = 2*g + 2*r. What is the tens digit of x(g)?
4
What is the ten thousands digit of (-1698)/(-4)*227156/1563?
6
Let c(r) = r**3 - 9*r**2 + 2*r - 13. Let v be c(9). Suppose -v*o = -19*o + 73472. What is the units digit of 2/(-9) + o/288?
8
Suppose -1334 + 5807 = 9*r. Let o = -2821 + r. What is the hundreds digit of o/(-21) + 2/6?
1
Suppose w + 4*r - 15430 = 0, -36094 - 10162 = -3*w + 5*r. What is the thousands digit of w?
5
Let g(y) = 544*y**2 + 35*y + 73. What is the thousands digit of g(-8)?
4
Let r be 6/9 - ((-14628)/9 - -2). Suppose -5*d = -5*n - 2680, -r = 4*d - 7*d - n. What is the tens digit of d?
4
Suppose -105*k + 237*k - 2623500 = 0. What is the tens digit of k?
7
Suppose -10 = 38*p - 124. Suppose 5*o - p*i = -7*i + 2735, 5*i - 547 = -o. What is the units digit of o?
7
Let p(a) = 2*a**2 + a + 90. Let i be p(0). Let x = 12 + -9. Suppose u = i - x. What is the tens digit of u?
8
Let l = -9248 - -19189. What is the hundreds digit of l?
9
Suppose 75208 = 4*m + 4*f, -2*f = 60*m - 56*m - 75210. What is the hundreds digit of m?
8
Suppose -130*l + 46688 = -114*l. What is the units digit of l?
8
Let u(o) = o**3 + 29*o**2 + 35*o - 30. Let y = 191 - 218. What is the units digit of u(y)?
3
Let w be (-2266)/18 + (-2)/18. What is the tens digit of (w/(-4))/((-57)/(-2356))?
0
Let r = 114 - 298. Let a be 4/(-30) - r/30. Let i(c) = -c + 7. What is the units digit of i(a)?
1
Let g(c) = -4*c**2 - 10*c**3 - 60*c + 58*c - 2*c**3 + 1. Let j be g(-2). Suppose -8*u + 253 = j. What is the units digit of u?
1
Suppose -17*g = 24*g - 14596. Let q = 652 - g. What is the tens digit of q?
9
What is the thousands digit of (6*18/135)/(1/((-390270)/(-12)))?
6
Let m(x) = 3*x - 31. Let f be m(12). Suppose -2*w = o + 4, f*w + 5 = -10. Suppose -o*q - 12 = -124. What is the units digit of q?
6
Let j = -812 + 804. Let c(a) be the second derivative of -2*a**3/3 + 4*a**2 - a. What is the tens digit of c(j)?
4
Let s(l) = -62*l**3 - 13*l**2 - 5*l + 2. Let y be s(-4).